ose 3*a + k = u + 13, 3*a - 2*u = 13. Let o(q) = 8*q. Calculate o(a).
8
Let g(f) = -f - 178*f**2 - f**3 - 193*f**2 + 11 + 365*f**2. Give g(-5).
-9
Let m = -7511 + 7507. Let c(x) = -15*x - 60. What is c(m)?
0
Suppose 9*m - 32 = -4*g + 4*m, -5*m = g - 23. Let v(r) = -r - 20 + 19 + g + 0*r. Determine v(0).
2
Let n(q) = -13*q**2 + 3*q - 21. Let g(c) = -11*c**2 + c - 18. Let a(z) = 7*g(z) - 6*n(z). Give a(12).
12
Let t be 3 - (6 - 0 - (4 + -1)). Let c be (-66)/(-66) + (-1 - (-1 - t)). Let a(i) = i**3 - i. What is a(c)?
0
Let m(h) = 88*h**3 + 16*h - 35*h**2 - 274*h**3 + 94*h**3 + 90*h**3 - 15. Give m(-18).
21
Let i(j) be the first derivative of j**2 + 9 - 1/3*j**3 + j. Let n = 16 + -12. Give i(n).
-7
Let o(d) = d**3 + 5*d**2 + 2*d + 9. Suppose -8*r = f - 10*r - 29, -4*f - 3*r + 116 = 0. Suppose f - 9 = 4*y, -u = -5*y + 30. Give o(u).
-1
Let f(w) = -w**2 + 2. Let j = 1031 - 1015. Let z(s) = -s**2 - 8*s - 1. Let i be z(-6). Suppose 15 = -j*d + i*d. Determine f(d).
-7
Let d(n) = n**2 - 4*n + 2. Let g(t) = -2*t**2 + 18*t - 36. Let o be g(7). Calculate d(o).
98
Let y = 4 - 2. Let x = -1403 + 1405. Let n(k) = 2*k**y + k + x*k - 185 + 184. Calculate n(-4).
19
Let a be 21 + (-9 - 1) - 11. Let c(k) = -3*k + 0*k + 9 - 3*k + 5*k. Calculate c(a).
9
Let m(t) = 7*t + 9. Let y(s) = 2*s**2 - 38*s - 5. Let q be y(19). Let u(a) = 6*a + 9. Let g(d) = q*u(d) + 4*m(d). Calculate g(-8).
7
Let g(h) = -4*h**2 - 12*h + 9. Let j(m) = -4*m**2 - 9*m - 9. Let s be j(-2). Let p(z) = 9*z**2 + 26*z - 19. Let f(c) = s*g(c) - 3*p(c). What is f(-6)?
-6
Suppose -18*c + 4 = -14*c + 2*x, -x - 18 = -3*c. Let s(y) be the first derivative of -15/4*y**c + 0*y**2 - 1/3*y**3 + 0*y - 3. Give s(1).
-16
Let u(m) = -328 - 159 + 501 + 8*m. Give u(4).
46
Suppose 5*m + 5 = 0, -8*m = -q - 7*m. Let c be (6 + (-33)/6)/(q/(-20)). Let j(h) = -h**2 + 13*h - 11. Give j(c).
19
Let u(p) = p**2 - 3*p. Let d be u(4). Let f be 7/(-28)*3*-4. Let s(i) = -21*i**3 - 8 + 22*i**f - 6*i**2 + 7*i + 2. Give s(d).
-10
Let q(r) be the first derivative of 9*r**2/2 - 154*r + 39. Let u be q(18). Let b(n) = n**2 - 9*n + 5. Calculate b(u).
-3
Suppose 5*i - 495 = -y, -4*y - 101 = -5*i + 419. Suppose 0 = 4*g - 72 + i. Let f(x) = x**2 + 9*x + 12. What is f(g)?
-2
Let o(k) be the third derivative of 2/3*k**3 + 0 + 1/24*k**4 + 5*k + k**2. Suppose 3 = 2*q - 3*p, -2*q = -6*q - 5*p - 49. What is o(q)?
-2
Let p = -344 - -346. Suppose 2*y = p*r, 7*r + y = 11*r - 12. Let b(i) = 6*i - 6. What is b(r)?
18
Let a(l) = -6*l - 17. Let p be 612/22 - 28 - (-2)/11. Determine a(p).
-17
Let x be (7 + (-328)/48)*0. Let y(c) = -10*c + 25. Calculate y(x).
25
Let o(v) be the second derivative of -v**6/360 + 7*v**5/120 - 3*v**4/8 - 15*v**3 + 148*v. Let m(t) be the second derivative of o(t). Give m(3).
3
Suppose -522 = 384*n - 210*n. Let q(v) = -v**2 + 23*v + 71. Determine q(n).
-7
Let w(n) = -18*n**3 + 2*n**2 + 2*n. Let f be (2936/2202)/((8/(-6))/1). Give w(f).
18
Let x = -285 + 899. Let b be 1/(-4 - x/(-154)) - -4. Let h = b - -66. Let d(v) = v - 3. Give d(h).
-10
Let z(p) = -9*p**2 - 194*p - 86. Let f(x) = 5*x**2 + 107*x + 43. Let g(l) = 11*f(l) + 6*z(l). Give g(-13).
-43
Let v(n) = n**2 + 142. Suppose -2*b - 54*b - 38*b = 19*b. Determine v(b).
142
Let c = 216840 + -216842. Let p(a) = 2*a**3 - a**2 - 5*a + 1. Let w(l) = -l**3 + l**2 + 4*l - 1. Let o(i) = -2*p(i) - 3*w(i). Determine o(c).
9
Let r be 160/60 - 4/6. Let y be (-620)/(-93) + r/6. Suppose -15 + y = -4*p. Let d(t) = t**3 - t**2 + t. Calculate d(p).
6
Let i(g) be the second derivative of -1/2*g**2 + 1/12*g**4 - 7/6*g**3 + 0 + 11*g. Let f be i(7). Let j(b) = 8*b. Give j(f).
-8
Let b(h) be the first derivative of h**4/4 + 11*h**3/3 + 10*h + 48. Suppose -5*w + 5*g = 31 + 34, 0 = -3*w - 3*g - 27. Calculate b(w).
10
Let c be -1*(1 + 2/(-4))*394. Let t = c - -192. Let l(n) = -n**2 - 4*n. Calculate l(t).
-5
Let a(u) = 3*u**2 + 2*u - 4. Let w(b) = 12*b + 89. Let h be w(-7). Let v(g) = -5*g**2 - 3*g + 6. Let q(t) = h*v(t) + 8*a(t). Determine q(5).
-22
Let k(d) be the third derivative of -9*d**4/8 - 113*d**3/3 + 6629*d**2. Calculate k(-9).
17
Let v(r) = -18*r + 3. Let i(m) = -49*m + 7. Let p(b) = -3*i(b) + 8*v(b). Give p(3).
12
Let g(s) = -s**2 + 8*s + 4. Let x(p) = 2*p - 50. Let y be x(26). Suppose -y*n = -q - 9, 1 = 3*n - 12*q + 8*q. Give g(n).
11
Suppose -6 = -12*h - 114. Suppose 18 = -11*w + 84. Let q(g) = -12*g**2 - 12 - 4*g + w*g**2 - 4*g**2 - g**3 - 6*g. Give q(h).
-3
Let q(v) = -v**2 - v - 4. Let k(p) = -p**2 - p - 8. Let w(m) = -4*k(m) + 7*q(m). Let l(r) = -2 - 2*r + 8 + 0 - 1. Let x be l(4). Calculate w(x).
-14
Let w be 38/(-247) + 5846/(-26). Let c = w - -217. Let y(t) = -t**3 - 8*t**2 - 5. Determine y(c).
-5
Let s(i) = -12*i**2 + 2*i + 21. Let b(k) be the first derivative of k**3/3 - 2*k - 49. Let r(y) = 22*b(y) + 2*s(y). Determine r(3).
-8
Let b(g) = g**2 - g. Let l = -147 + 150. Suppose 2*v - 6*v + 16 = -4*u, -v + 6 = -l*u. Determine b(v).
6
Let x(o) be the first derivative of 1/120*o**5 - 7/3*o**3 - 16 + 1/6*o**4 + 0*o + 0*o**2. Let r(h) be the third derivative of x(h). Calculate r(-6).
-2
Let a(y) = -47 + 39 - 26*y - 33*y + 62*y. Suppose -4*d + 0*d - 16 = -4*p, 4*p + 8 = 0. Calculate a(d).
-26
Suppose -42*x = 231 - 21. Let g(r) = -r**2 - r - 3. Give g(x).
-23
Let x = -23 + 26. Suppose -j + x*j = 2. Let a(b) = -5*b**2 + b. Let y(l) = -35*l**2 + 4*l + 1. Let o(g) = -5*a(g) + y(g). Give o(j).
-10
Suppose j - 9 = -2*g, -g + 18 = 4*j - 2*g. Suppose 80 = -j*c + 75. Let u(m) = m**3 - m**3 + m**2 + 10*m**3 + m. Determine u(c).
-10
Suppose -18*a + 172377 = 172485. Let p(r) be the first derivative of -r**2 - 8*r + 1. Give p(a).
4
Let m(y) = -2*y**2 + 5*y - 4. Let f = 18 + -40. Let w = -26 - f. Let j be 4 + 3*w/12. What is m(j)?
-7
Let s(g) = g**3 + 34064 - 11340 - 11446 + 69*g - 11445 - 34*g**2. Give s(32).
-7
Let w(d) be the first derivative of -49*d**3/3 + d**2 - d - 1087. What is w(1)?
-48
Let m(n) = n**3 + 6*n**2 + 10*n + 26. Let w be m(-4). Suppose 4*j + 37 = 3*z - 8*z, -2*j - w = 2*z. Let p(g) = g**3 + 7*g**2 - 9*g + 7. Determine p(j).
15
Let i = 45 - 40. Suppose i*p - 4 = 16. Let o(l) be the third derivative of l**4/8 + 5*l**3/6 - l**2. Determine o(p).
17
Let m(j) = j**2 - 41*j - 138. Let w be m(44). Let x(f) = 4*f**3 - 9*f**2 + 12*f - 5. Let g(c) = -c**3 + c**2 - c + 1. Let s(k) = -5*g(k) - x(k). Give s(w).
-30
Let t(f) be the second derivative of f**4/6 + 19*f**3/6 - 46*f**2 + 4441*f. Give t(4).
16
Let w(v) = v**2 - 4*v - 2. Suppose -219 = z - 223. Suppose -5*q - 35 = -z*h, -5*q - 16*h + 5 = -12*h. Determine w(q).
19
Let f = 538 + -521. Suppose 30*q = f*q - 52. Let t(r) = r**3 + 4*r**2 - r - 3. Give t(q).
1
Let g be (6/(-40)*8)/(4/(-5)). Let z(r) be the first derivative of -g*r**2 - 18 - 5/3*r**3 - 4*r - 1/4*r**4. Determine z(-4).
-8
Suppose -147 + 30 = -13*z. Let k(w) be the second derivative of w**4/24 - 19*w**3/6 - w**2 - 2*w. Let j(d) be the first derivative of k(d). Determine j(z).
-10
Let n = -38 + 79. Let v(b) = b**2 + 11 + n*b + 32*b - 113*b + 41*b. Calculate v(0).
11
Suppose 0 = -140*t + 141*t - 4. Let a(o) = t + 1953*o**2 + 0 - 1952*o**2 - 3*o. What is a(3)?
4
Let c(w) = -w**3 - 7*w**2 + 4*w + 13. Suppose 0 = -2*l + a - 17, l - 21*a = -20*a - 9. Calculate c(l).
45
Let y(o) = -o**2 + 3*o - 4. Let p(w) = -6*w**2 - 12*w + 40. Let g(q) = q**2 - q - 1. Let z(v) = -4*g(v) - p(v). Let i be z(2). Determine y(i).
-8
Let l(v) = -7*v**2 - 31*v - 12. Let q(z) = 2*z**2 + 4*z - 1. Let o(f) = l(f) + 4*q(f). Determine o(15).
-16
Let j(p) = -10*p + 1 - 240*p**2 + 457*p**2 - 216*p**2. Determine j(11).
12
Let v be (-1)/2 + (12/8)/(-3). Let d(p) = 3*p**2 - p - 1. Let t be d(v). Let q(s) = s**t + 35 + 38 + 3*s - 6*s - s**2 - 75. What is q(-2)?
-8
Let k(b) = b**3 - 38*b**2 - 40*b + 32. Let v be k(39). Suppose 5 = 5*n - 20. Let o(r) = -n - r - 4 + 1. What is o(v)?
-1
Let r(n) = n**2 - 17*n - 36. Let x be r(-2). Let h(a) = 1 + 3 + 2*a - x - 5. Give h(8).
13
Let k(l) be the first derivative of l**2/2 + 26*l - 1477. What is k(-12)?
14
Let n(t) be the third derivative of t**5/30 - t**4/3 + 2*t**3/3 + 28*t**2 - 6*t. Let g = -30 + 35. Give n(g).
14
Let s(p) = 37 + 71*p**2 - 72*p**2 - 49 + p. Determine s(0).
-12
Let x(d) be the first derivative of -d**3/3 - 6*d**2 - 36*d + 472. What is x(-16)?
-100
Let 